 6767?
67, 101
What are the prime factors of 41415?
3, 5, 11, 251
List the prime factors of 30942.
2, 3, 191
What are the prime factors of 4177?
4177
What are the prime factors of 8233?
8233
What are the prime factors of 950?
2, 5, 19
List the prime factors of 39318.
2, 3, 6553
What are the prime factors of 10569?
3, 13, 271
What are the prime factors of 1153?
1153
List the prime factors of 8001.
3, 7, 127
What are the prime factors of 17545?
5, 11, 29
What are the prime factors of 3851?
3851
List the prime factors of 33976.
2, 31, 137
What are the prime factors of 108218?
2, 11, 4919
List the prime factors of 504.
2, 3, 7
List the prime factors of 2388.
2, 3, 199
List the prime factors of 44741.
44741
What are the prime factors of 6431?
59, 109
What are the prime factors of 3784?
2, 11, 43
List the prime factors of 1152.
2, 3
List the prime factors of 1298.
2, 11, 59
List the prime factors of 27454.
2, 7, 37, 53
List the prime factors of 48984.
2, 3, 13, 157
What are the prime factors of 11045?
5, 47
What are the prime factors of 1999?
1999
List the prime factors of 43562.
2, 23, 947
What are the prime factors of 1369?
37
List the prime factors of 2620.
2, 5, 131
List the prime factors of 19186.
2, 53, 181
What are the prime factors of 1128?
2, 3, 47
List the prime factors of 124111.
13, 9547
What are the prime factors of 34355?
5, 6871
List the prime factors of 2739.
3, 11, 83
What are the prime factors of 1347?
3, 449
What are the prime factors of 2020?
2, 5, 101
What are the prime factors of 1110?
2, 3, 5, 37
List the prime factors of 202571.
167, 1213
List the prime factors of 46.
2, 23
List the prime factors of 68036.
2, 73, 233
List the prime factors of 1572.
2, 3, 131
List the prime factors of 6462.
2, 3, 359
What are the prime factors of 72105?
3, 5, 11, 19, 23
What are the prime factors of 79699?
79699
What are the prime factors of 3322?
2, 11, 151
What are the prime factors of 15269?
15269
What are the prime factors of 733?
733
What are the prime factors of 55626?
2, 3, 73, 127
List the prime factors of 3708.
2, 3, 103
What are the prime factors of 37943?
19, 1997
List the prime factors of 71043.
3, 7, 17, 199
What are the prime factors of 228?
2, 3, 19
List the prime factors of 1651.
13, 127
List the prime factors of 3752.
2, 7, 67
List the prime factors of 112258.
2, 37, 41
What are the prime factors of 1450?
2, 5, 29
What are the prime factors of 382?
2, 191
List the prime factors of 1349.
19, 71
List the prime factors of 51294.
2, 3, 83, 103
List the prime factors of 59224.
2, 11, 673
List the prime factors of 1647.
3, 61
List the prime factors of 1149.
3, 383
List the prime factors of 25852.
2, 23, 281
What are the prime factors of 2058?
2, 3, 7
What are the prime factors of 89?
89
What are the prime factors of 8056?
2, 19, 53
What are the prime factors of 2087?
2087
List the prime factors of 33026.
2, 7, 337
List the prime factors of 163.
163
What are the prime factors of 43458?
2, 3, 7243
List the prime factors of 361.
19
List the prime factors of 9325.
5, 373
What are the prime factors of 1804?
2, 11, 41
List the prime factors of 2438.
2, 23, 53
List the prime factors of 4089.
3, 29, 47
List the prime factors of 3830.
2, 5, 383
What are the prime factors of 3832?
2, 479
What are the prime factors of 1592?
2, 199
What are the prime factors of 11661?
3, 13, 23
List the prime factors of 28036.
2, 43, 163
List the prime factors of 51.
3, 17
What are the prime factors of 38428?
2, 13, 739
List the prime factors of 4288.
2, 67
List the prime factors of 526.
2, 263
List the prime factors of 13154.
2, 6577
What are the prime factors of 57870?
2, 3, 5, 643
List the prime factors of 2208.
2, 3, 23
What are the prime factors of 805?
5, 7, 23
What are the prime factors of 90942?
2, 3, 23, 659
List the prime factors of 10357.
10357
What are the prime factors of 2618?
2, 7, 11, 17
List the prime factors of 568.
2, 71
What are the prime factors of 530?
2, 5, 53
What are the prime factors of 6435?
3, 5, 11, 13
List the prime factors of 38678.
2, 83, 233
What are the prime factors of 2413?
19, 127
What are the prime factors of 2700?
2, 3, 5
List the prime factors of 1746.
2, 3, 97
What are the prime factors of 22949?
53, 433
What are the prime factors of 7892?
2, 1973
What are the prime factors of 39064?
2, 19, 257
List the prime factors of 3506.
2, 1753
What are the prime factors of 39607?
39607
What are the prime factors of 421?
421
List the prime factors of 8119.
23, 353
List the prime factors of 15039.
3, 557
List the prime factors of 2312.
2, 17
List the prime factors of 4526.
2, 31, 73
What are the prime factors of 290?
2, 5, 29
List the prime factors of 86083.
86083
List the prime factors of 13505.
5, 37, 73
What are the prime factors of 10305?
3, 5, 229
What are the prime factors of 4797?
3, 13, 41
List the prime factors of 58588.
2, 97, 151
List the prime factors of 82187.
7, 59, 199
What are the prime factors of 111175?
5, 4447
What are the prime factors of 8476?
2, 13, 163
What are the prime factors of 742?
2, 7, 53
List the prime factors of 22455.
3, 5, 499
List the prime factors of 145874.
2, 72937
What are the prime factors of 6402?
2, 3, 11, 97
What are the prime factors of 3919?
3919
List the prime factors of 451.
11, 41
List the prime factors of 867.
3, 17
What are the prime factors of 965?
5, 193
What are the prime factors of 1915?
5, 383
What are the prime factors of 994?
2, 7, 71
List the prime factors of 39.
3, 13
List the prime factors of 4561.
4561
What are the prime factors of 925?
5, 37
List the prime factors of 23495.
5, 37, 127
What are the prime factors of 861?
3, 7, 41
What are the prime factors of 28316?
2, 7079
What are the prime factors of 7275?
3, 5, 97
List the prime factors of 7072.
2, 13, 17
List the prime factors of 52140.
2, 3, 5, 11, 79
List the prime factors of 1356.
2, 3, 113
What are the prime factors of 3459?
3, 1153
List the prime factors of 185238.
2, 3, 41, 251
What are the prime factors of 707?
7, 101
What are the prime factors of 33760?
2, 5, 211
What are the prime factors of 68431?
11, 6221
What are the prime factors of 1695?
3, 5, 113
What are the prime factors of 98016?
2, 3, 1021
List the prime factors of 80913.
3, 7, 3853
What are the prime factors of 11287?
11287
What are the prime factors of 441?
3, 7
List the prime factors of 31686.
2, 3, 5281
List the prime factors of 5606.
2, 2803
What are the prime factors of 9353?
47, 199
List the prime factors of 531.
3, 59
What are the prime factors of 23337?
3, 2593
List the prime factors of 1375.
5, 11
What are the prime factors of 2666?
2, 31, 43
List the prime factors of 17175.
3, 5, 229
List the prime factors of 1250.
2, 5
What are the prime factors of 76?
2, 19
What are the prime factors of 14328?
2, 3, 199
List the prime factors of 456.
2, 3, 19
List the prime factors of 1210.
2, 5, 11
What are the prime factors of 18633?
3, 6211
List the prime factors of 830.
2, 5, 83
What are the prime factors of 2542?
2, 31, 41
List the prime factors of 8649.
3, 31
What are the prime factors of 58894?
2, 11, 2677
What are the prime factors of 161076?
2, 3, 31, 433
List the prime factors of 5515.
5, 1103
List the prime factors of 1715.
5, 7
What are the prime factors of 15052?
2, 53, 71
What are the prime factors of 7205?
5, 11, 131
What are the prime factors of 156009?
3, 7, 17, 19, 23
What are the prime factors of 4805?
5, 31
List the prime factors of 7034.
2, 3517
List the prime factors of 56079.
3, 31, 67
List the prime factors of 32213.
32213
What are the prime factors of 22806?
2, 3, 7, 181
List the prime factors of 7341.
3, 2447
List the prime factors of 608.
2, 19
What are the prime factors of 79185?
3, 5, 5279
List the prime factors of 5168.
2, 17, 19
What are the prime factors of 91583?
91583
List the prime factors of 78827.
7, 11261
List the prime factors of 17791.
17791
What are the prime factors of 1536?
2, 3
What are the prime factors of 881?
881
List the prime factors of 856.
2, 107
What are the prime factors of 7262?
2, 3631
What are the prime factors of 25403?
7, 19, 191
List the prime factors of 13303.
53, 251
What are the prime factors of 621?
3, 23
What are the prime factors of 68357?
17, 4021
What are the prime factors of 3173?
1